
8
Suppose 2*n + 8 = -0*n. Let l(y) = y**3 - 7*y**2 - 7*y + 66. Let q be l(6). Let u be (-3)/q - 27/n. Let w(m) = m**2 - 6*m - 8. Determine w(u).
-1
Let d = -219 + 294. Let u = 68 - d. Let w(m) = 5*m**2 + 0*m**2 + m**3 + m**2 - 7*m. Calculate w(u).
0
Let z(i) = 4*i**2 + 4*i + 20. Let k be z(-8). Let p = -240 + k. Let u(t) be the first derivative of -t**4/4 + 4*t**3/3 - 2*t + 2. What is u(p)?
-2
Let s = 1 - -1. Let x(z) be the second derivative of -z**5/20 + z**4/12 - z**3/6 + z**2/2 + 2*z - 8576. Determine x(s).
-5
Let p(i) = -168*i**2 - 58*i + 87*i**2 + 48*i + 83*i**2 - 13. Give p(6).
-1
Let x(r) = -32 + 169*r - 18 + 0 - 157*r. Let q be x(4). Let g(w) = -w**2 - w - 1. Determine g(q).
-3
Let u(a) = -a + 27. Let g(d) = -d**3 - 8*d**2 + 3*d + 12. Let r be g(-8). What is u(r)?
39
Suppose 2*z + 2 = 0, -2*z + 5 = -5*o - 7*z. Let r(s) = s + o*s**2 + 6*s**2 + 5*s**2. Suppose 3*q - 5*m - 6 = -34, 4*m - 25 = 5*q. What is r(q)?
10
Let i(w) = w**3 - 4*w**2 + 4*w - 3. Let q(p) be the first derivative of -3*p**2/2 + p + 47. Suppose 3 = -3*f - 0*f. Let k be q(f). Calculate i(k).
13
Let h(k) = -k**2 - 3*k + 2. Let u be h(-3). Let m(j) = -5 - 3 - j**2 + 2*j**u - j - 1. Let d be -2 - 2/(1 - 2). Calculate m(d).
-9
Suppose -2*p = 3*i - 6, -3 - 3 = 2*p. Let t(u) be the first derivative of u**2/2 + u + 9699. Calculate t(i).
5
Let w(g) = -3*g + 53. Let x be (-7 + 59)/(2 - 0) - 1. What is w(x)?
-22
Let i = -11646 - -11660. Let q(k) = k**2 - 16*k + 8. Give q(i).
-20
Let i(a) be the second derivative of -a**4/12 + 8*a**3/3 - 2*a**2 + 250*a. Let v(g) = -2*g**2 + 37*g - 9. Let b(r) = 5*i(r) - 2*v(r). Calculate b(5).
3
Let u(i) be the second derivative of 1/3*i**3 + 3*i - 2*i**2 - 12. Calculate u(5).
6
Let m(p) = -p**3 + 13*p**2 + 2*p. Suppose -9 = -l - 4*w + 5*w, 2*w = -3*l + 22. Let o be 75/20 + -4 - (-106)/l. What is m(o)?
26
Let l(d) = 3*d**2 + 104*d + 56. Let f(y) = y**2 + 60*y. Let m(i) = -2*f(i) + l(i). What is m(5)?
1
Let p(q) be the third derivative of -q**8/6720 + q**7/840 - q**6/360 - 3*q**4/8 + 22*q**2. Let z(b) be the second derivative of p(b). Calculate z(2).
0
Let t(z) = z**2 + 12*z + 42. Let u(l) = -l**2 + 68*l - 1146. Let m be u(30). Calculate t(m).
6
Let o(t) = -72*t**3 - t - 3. Let q(w) = 487*w**3 + 6*w + 20. Let b(d) = -27*o(d) - 4*q(d). Suppose -7 = 5*i + 3. Calculate b(i).
27
Let u(s) = -8*s - 5 + 6*s - s. Let m = 6263 - 6267. Give u(m).
7
Let j(w) be the third derivative of w**5/60 + w**4/12 - 2*w**3/3 - 59*w**2. Let d = 181 + -184. Determine j(d).
-1
Suppose 0 = -6*u + 3*u + 21. Suppose u*f - 4 = 5*f. Let z(g) = -68 - f*g + 13*g + 29 + 38. Determine z(-1).
-12
Suppose -12 = 2*m + 3*r, 2*m + 0*r + 20 = r. Suppose 4*u - 8 = -0. Let s(n) = n**3 + 9*n**u - n - 6 - 8*n + 7*n. Determine s(m).
12
Let v = 9154 + -9144. Let m(p) = p**3 - 9*p**2 - 9*p + 3. Give m(v).
13
Let a(v) be the second derivative of -48*v + 2*v**2 + 0 - 5/6*v**3. Give a(-3).
19
Let g be (0 - 9 - 0)/(-3)*2. Suppose -39*h + 4 = -37*h - 4*q, -2*h + 5*q + g = 0. Let f(k) = -5*k + 1 + k**2 + 3*k - 5*k**2. Determine f(h).
-11
Let y(o) = -o - 1. Let s(m) = m + 15. Let q(a) = 2*a**2 - a + 3. Let f be q(6). Let c = -70 + f. Let g(n) = c*s(n) - 5*y(n). What is g(7)?
18
Let f be 68 + 14/(14/2). Suppose l - f = -13*l. Let y(n) = n**2 - 8*n + 7. Give y(l).
-8
Let j(i) = -14 + 19*i - 33*i + 10*i + 15*i. Give j(5).
41
Suppose 0 = 2*j - 4*d - 6 + 14, 3*j = 4*d - 12. Let g(k) = -15*k - 9. Let n(a) = -11*a - 8. Let b(r) = j*n(r) + 3*g(r). Calculate b(11).
-6
Let t(l) = -2 - 2*l + l**3 - l**2 - 3*l**2 + 1 - 2*l**3. Let b = 2119 + -2123. Give t(b).
7
Let s(p) = -6*p - 3. Let q(k) = 8*k + 458. Let y(z) = q(z) + 8*s(z). Give y(11).
-6
Let q(v) = -62*v + 124. Let z(o) = 26*o - 64. Let p(y) = 2*q(y) + 5*z(y). Give p(13).
6
Suppose 16*y - 324 = 124*y. Let q(g) = -3*g**2 + 11*g + 36. Determine q(y).
-24
Let d(o) = 4*o + 62. Let f = -5481 - -5471. Determine d(f).
22
Let c(j) = -33*j**2 - 11*j + 0 + 30*j**2 + 7*j**2 + j**3 - 8. Determine c(-6).
-14
Suppose 6*q + 5 = 23. Suppose k = 5*n - q, 5*k - 4*n = 8 - 2. Let l(s) = 0 + 0 + 8*s**k - 7*s**2. Give l(0).
0
Suppose 5*n - 5*h + 58 = 2*n, 2*h = -2*n - 44. Let y(p) = p**2 + 21*p - 14. What is y(n)?
-14
Let k(l) = -l**2 - 9*l + 9. Let f(r) = -18*r + 2. Let u(x) = -15*x + 2. Let j(n) = -4*f(n) + 5*u(n). Let s be j(4). What is k(s)?
-1
Let p(c) be the first derivative of c**7/840 + c**6/36 + 3*c**5/40 - c**4/3 - 49*c**3/3 + 81. Let u(h) be the third derivative of p(h). Give u(-9).
-8
Let o(c) = -199*c**2 + 94723*c + 480. Let b be o(476). Let r(a) = -9*a + 2. Let x(k) = -8*k + 3. Let y(i) = 2*r(i) - 3*x(i). Calculate y(b).
19
Let g(l) = -l**2 - 14*l - 30. Let p be g(-12). Let n(k) = k**3 + 7*k**2 + 2*k - 19. Let a be n(p). Let w(y) = y**3 - 5*y**2 - 1. Calculate w(a).
-1
Let d be (-3*1)/((-15)/(-100)*2). Let y be (-7)/(-1)*((-40)/14)/d. Suppose -h + 7 = -y. Let o(l) = -l**3 + 10*l**2 - 10*l + 9. Calculate o(h).
0
Let f(w) = -w**2 + 2*w + 15. Suppose -26*a - 17*a + 301 = 0. Suppose -a*o + 3*o + 8 = j, -5*o = 4*j + 1. What is f(j)?
-9
Let o(f) = -f**3 + 15*f**2 + 32*f + 38. Suppose 242*c - 4870 = -756. Determine o(c).
4
Let w(m) = -m**2 - 3*m. Let l(y) = 9*y**2 + 35*y - 74. Let n(s) = -l(s) - 8*w(s). Give n(-15).
14
Let g(h) = h**2 + 3*h - 5. Let q be g(-6). Suppose 7 = -5*p - q. Let s(f) be the second derivative of f**3/6 + 4*f**2 - 11*f. What is s(p)?
4
Let d(y) = 22*y + 1. Let o(n) = -27*n + 409. Let v(c) = -5*d(c) - o(c). What is v(-5)?
1
Let q(j) = -j**3 - 14*j**2 - 50*j - 52. Let f be q(-2). Let i(a) be the first derivative of f*a + 5/2*a**2 + 8. Determine i(4).
20
Let c(x) = -x + 5. Suppose -37*f = -11*f - 20*f. Suppose f*g + 24 = 4*i + 4*g, -3*i + 3*g = -12. Determine c(i).
0
Let q(w) = 4*w - 34. Let o(z) = z - 16. Let j(n) = 5*o(n) - 3*q(n). Let s(a) = -11*a + 33. Let h(x) = -8*j(x) + 5*s(x). Determine h(8).
-3
Let i(g) = -g + 4. Let u(v) = 6*v**2 - 2*v - 1. Let t be u(-1). Suppose 235 = t*a + 137. What is i(a)?
-10
Suppose 188*r - 90*r = 89*r - 126. Let x(u) = 3*u + 53. Determine x(r).
11
Let w(j) be the second derivative of -j**4/12 - 16*j**3/3 - 109*j**2/2 - 192*j + 3. What is w(-28)?
3
Let u(j) = 360*j + 361*j + 363*j - 4*j**2 - 4 - 1083*j + j**3. What is u(2)?
-10
Let b(h) = 9*h**3 + 93*h**2 + 30*h + 3. Let j be b(-10). Let y(l) = -12*l**2 + 7. Calculate y(j).
-101
Let v(s) = 8*s**3 - 5*s**2 + 14*s - 3. Let y be v(3). Let w(x) = 424*x - 209*x - 5 - y*x. Give w(-7).
-40
Let p(z) be the second derivative of 0 + 7*z + 0*z**2 + 1/360*z**6 + 7/120*z**5 + 1/6*z**3 + 3/8*z**4. Let x(c) be the second derivative of p(c). Give x(-6).
3
Let m = -24 - -24. Suppose -3*x + m*x = -21. Let f(k) = k + 9*k**2 - x - 8*k**2 + 3*k. Calculate f(-6).
5
Let i be ((-22)/(-4) - 5)/(4/(-120)*-3). Let m(u) = u**3 - 3*u**2 - 4*u - 1. Determine m(i).
29
Let d(c) = -41*c**3 - 2*c**2 + 2*c. Suppose 3*v = 3*p - 15, 435*v + 15 = -p + 431*v. What is d(p)?
-41
Suppose 119*z - 108 = 131*z. Let a(m) be the second derivative of m**3/6 + 7*m**2/2 + m. Determine a(z).
-2
Let k(x) be the third derivative of -x**6/720 - x**5/20 + 7*x**4/24 - 7*x**2. Let l(t) be the second derivative of k(t). Let u = 46 - 41. What is l(u)?
-11
Let l(d) = -d**2 - 2*d + 2. Suppose 4*x - 14 = -2*o, -x + 6 = -3*o + o. Let t be ((-6)/o)/((-4)/(-28)). Let g = t - 45. Determine l(g).
-1
Let l be 12/78 - (-2)/(-26)*-63. Let n(b) = -42 + 19 + 29 - 2*b**2 - l*b. Suppose -24 = 3*k - 9. Calculate n(k).
-19
Let y be 1/(18/58) - 8/36. Suppose y*j - 7*j = -16. Let t(v) = -j*v - 4*v + v**2 + 6*v + 1 + 0*v**2. What is t(3)?
4
Let j(n) = -n**2 - 18*n. Let c(o) = -14*o - 240. Let u(b) = -c(b) - j(b). What is u(-12)?
0
Let k be (-8 - 138/(-18))*0*-1. Let z(n) = -n**3 + n**2 - 3*n + 18. Determine z(k).
18
Let z(h) = -h**2 + h + 1. Let r(q) = 11*q**2 - 18*q + 5. Let o(u) = r(u) + 5*z(u). Let j be o(2). Let f(c) = -c + 6. Calculate f(j).
-2
Let s(d) = 4*d + 7 + 3*d + d**2 + d. Let p = 15957 - 15963. What is s(p)?
-5
Let s(p) = -p + 5 - 1 + 2 - 10 + 10. Let m(c) = c**2 + 11*c - 12. Let a be m(-12). Suppose -5 = 4*f - 4*x - 33, a = 2*f + 2*x - 10. Calculate s(f).
0
Let y(b) be the third derivative of -b**6/120 - 3*b**5/20 + 11*b**4/12 - 4*b**3/3 - 16*b**2 - 105. Determine y(-11).
-8
Let s(v) = -4*v**3 + 3*v - 2. Let i(g) = -384 + 181 -